en 3113 is divided by 98?
75
What is the remainder when 49677 is divided by 23?
20
What is the remainder when 32943 is divided by 1433?
1417
What is the remainder when 1830 is divided by 8?
6
Calculate the remainder when 422453 is divided by 13.
5
What is the remainder when 82389 is divided by 2352?
69
What is the remainder when 7849 is divided by 148?
5
Calculate the remainder when 7376 is divided by 1008.
320
Calculate the remainder when 90303 is divided by 424.
415
Calculate the remainder when 784125 is divided by 14.
13
Calculate the remainder when 260482 is divided by 86.
74
Calculate the remainder when 60840 is divided by 20280.
0
Calculate the remainder when 5065 is divided by 5054.
11
What is the remainder when 127942 is divided by 18?
16
Calculate the remainder when 196949 is divided by 150.
149
Calculate the remainder when 24775 is divided by 1293.
208
What is the remainder when 827 is divided by 49?
43
Calculate the remainder when 2618 is divided by 859.
41
What is the remainder when 800981 is divided by 819?
818
Calculate the remainder when 45260 is divided by 964.
916
Calculate the remainder when 2314 is divided by 27.
19
What is the remainder when 297846 is divided by 59548?
106
Calculate the remainder when 454304 is divided by 19.
14
Calculate the remainder when 542833 is divided by 9200.
33
What is the remainder when 14178 is divided by 14?
10
Calculate the remainder when 6573 is divided by 73.
3
Calculate the remainder when 1314026 is divided by 34.
28
Calculate the remainder when 165392 is divided by 1451.
1429
What is the remainder when 2770 is divided by 345?
10
What is the remainder when 25538 is divided by 750?
38
What is the remainder when 1576 is divided by 25?
1
What is the remainder when 1285 is divided by 449?
387
What is the remainder when 714 is divided by 390?
324
Calculate the remainder when 193424 is divided by 75.
74
Calculate the remainder when 7703 is divided by 19.
8
What is the remainder when 1768100 is divided by 39291?
5
What is the remainder when 7748 is divided by 1935?
8
Calculate the remainder when 30006 is divided by 3.
0
Calculate the remainder when 597 is divided by 75.
72
Calculate the remainder when 2694006 is divided by 55.
51
What is the remainder when 39386 is divided by 458?
456
What is the remainder when 25646 is divided by 4217?
344
What is the remainder when 43397 is divided by 8677?
12
Calculate the remainder when 16063 is divided by 2672.
31
What is the remainder when 1855 is divided by 142?
9
Calculate the remainder when 3874 is divided by 3846.
28
Calculate the remainder when 6023 is divided by 1758.
749
What is the remainder when 9632 is divided by 98?
28
Calculate the remainder when 666 is divided by 331.
4
What is the remainder when 829 is divided by 4?
1
What is the remainder when 81681 is divided by 10195?
121
Calculate the remainder when 1999 is divided by 610.
169
What is the remainder when 958 is divided by 306?
40
Calculate the remainder when 6267 is divided by 168.
51
Calculate the remainder when 345323 is divided by 95.
93
What is the remainder when 1219 is divided by 576?
67
What is the remainder when 45807 is divided by 580?
567
Calculate the remainder when 215375 is divided by 372.
359
What is the remainder when 2942 is divided by 265?
27
What is the remainder when 705403 is divided by 235131?
10
Calculate the remainder when 113 is divided by 88.
25
What is the remainder when 784096 is divided by 25293?
13
Calculate the remainder when 1311 is divided by 755.
556
Calculate the remainder when 5352 is divided by 5.
2
Calculate the remainder when 57331 is divided by 3821.
16
What is the remainder when 63370 is divided by 31685?
0
What is the remainder when 18154 is divided by 6046?
16
Calculate the remainder when 75 is divided by 49.
26
Calculate the remainder when 2515 is divided by 366.
319
Calculate the remainder when 159013 is divided by 139.
136
Calculate the remainder when 867679 is divided by 229.
227
What is the remainder when 543 is divided by 117?
75
What is the remainder when 4752 is divided by 473?
22
What is the remainder when 121470 is divided by 215?
210
Calculate the remainder when 30653 is divided by 4373.
42
What is the remainder when 2839 is divided by 283?
9
What is the remainder when 817 is divided by 222?
151
What is the remainder when 75125 is divided by 53?
24
What is the remainder when 2944 is divided by 30?
4
What is the remainder when 78680 is divided by 212?
28
What is the remainder when 5919 is divided by 271?
228
Calculate the remainder when 536 is divided by 475.
61
What is the remainder when 309 is divided by 110?
89
What is the remainder when 20636 is divided by 39?
5
What is the remainder when 826 is divided by 785?
41
Calculate the remainder when 38743 is divided by 205.
203
Calculate the remainder when 2942 is divided by 287.
72
Calculate the remainder when 505672 is divided by 50565.
22
What is the remainder when 205867 is divided by 170?
167
What is the remainder when 121521 is divided by 140?
1
Calculate the remainder when 8193 is divided by 997.
217
Calculate the remainder when 1600 is divided by 229.
226
Calculate the remainder when 844 is divided by 198.
52
Calculate the remainder when 2746215 is divided by 179.
176
What is the remainder when 173028 is divided by 414?
390
Calculate the remainder when 9345 is divided by 38.
35
Calculate the remainder when 87212 is divided by 474.
470
Calculate the remainder when 3500 is divided by 1134.
98
Calculate the remainder when 721 is divided by 83.
57
Calculate the remainder when 3986 is divided by 3331.
655
What is the remainder when 1222 is divided by 532?
158
Calculate the remainder when 1945 is divided by 626.
67
What is the remainder when 22781 is divided by 7577?
50
What is the remainder when 1841 is divided by 314?
271
Calculate the remainder when 962 is divided by 495.
467
Calculate the remainder when 27111 is divided by 4.
3
Calculate the remainder when 1515232 is divided by 491.
6
Calculate the remainder when 905129 is divided by 226281.
5
Calculate the remainder when 10433 is divided by 183.
2
Calculate the remainder when 1805 is divided by 672.
461
What is the remainder when 120427 is divided by 111?
103
What is the remainder when 340381 is divided by 11?
8
Calculate the remainder when 110836 is divided by 21.
19
What is the remainder when 162 is divided by 29?
17
What is the remainder when 7345 is divided by 3530?
285
Calculate the remainder when 77357 is divided by 385.
357
What is the remainder when 14297 is divided by 409?
391
Calculate the remainder when 6962408 is divided by 773.
770
Calculate the remainder when 182 is divided by 21.
14
Calculate the remainder when 7663 is divided by 5916.
1747
What is the remainder when 166 is divided by 9?
4
What is the remainder when 56821 is divided by 99?
94
What is the remainder when 183392 is divided by 1891?
1856
Calculate the remainder when 15406 is divided by 19.
16
What is the remainder when 871 is divided by 49?
38
Calculate the remainder when 174348 is divided by 147.
6
Calculate the remainder when 4718 is divided by 4.
2
Calculate the remainder when 2207 is divided by 883.
441
Calculate the remainder when 417962 is divided by 366.
356
Calculate the remainder when 2469 is divided by 306.
21
What is the remainder when 6794 is divided by 20?
14
What is the remainder when 28577 is divided by 4049?
234
What is the remainder when 420 is divided by 31?
17
Calculate the remainder when 29323 is divided by 43.
40
Calculate the remainder when 47664 is divided by 7937.
42
Calculate the remainder when 1778305 is divided by 291.
4
What is the remainder when 3217 is divided by 2192?
1025
Calculate the remainder when 3446 is divided by 595.
471
Calculate the remainder when 1708 is divided by 48.
28
What is the remainder when 4818 is divided by 250?
68
Calculate the remainder when 6866 is divided by 79.
72
Calculate the remainder when 60379 is divided by 4.
3
What is the remainder when 43566 is divided by 2292?
18
Calculate the remainder when 36906 is divided by 1423.
1331
Calculate the remainder when 89459 is divided by 23.
12
What is the remainder when 247133 is divided by 16?
13
What is the remainder when 51675 is divided by 319?
316
What